
Suppose 6*c + 133 - 7 = 0. Let y be (66/c)/((-4)/28). Let i = 30 - -14. Calculate the highest common divisor of y and i.
22
Suppose 4*w = -2*s + 1014, -3*w + 447*s + 760 = 448*s. Calculate the highest common factor of 297 and w.
11
Let v = 8070 - 2494. What is the highest common factor of v and 408?
136
Let g(n) = -4*n**3 - 6*n**2 + 4*n + 48. Let h be g(-5). Let m(k) = -k**2 - 9*k + 24. Let q be m(-10). What is the highest common divisor of q and h?
14
Let h = -3710 + 3802. Calculate the highest common factor of h and 2323.
23
Suppose 445 = 60*a - 61*a. Let t = -444 - a. Calculate the greatest common factor of t and 2.
1
Suppose 704*g = 937*g - 8854. Suppose 2*c = 192 - 2. Calculate the greatest common factor of g and c.
19
Suppose -86*k - 46*k = -82*k - 5850. Calculate the highest common divisor of k and 338.
13
Suppose 4*y + 2 = -3*p + 4, 0 = -5*p + 10. Let j be 11/(55/1300) + y. Calculate the highest common factor of j and 14.
7
Suppose -3*c + 4*m = 5*m + 330, -5*c - 3*m = 546. Let i = c - -132. Calculate the greatest common divisor of i and 33.
3
Suppose -2*n + 13 = 3*o, 5*n - 2*n = 3*o + 42. Suppose -3*m - 1325 = 2*m. Let c = -144 - m. Calculate the highest common factor of c and n.
11
Let w be ((-54)/(-8))/((-42)/(-112)). Let u(l) = -l**3 - 9*l**2 - l + 3. Let z be u(-9). What is the highest common factor of w and z?
6
Suppose 0 = -j + 3*h + 4, -16 = j - 0*h + 2*h. Let u(n) = -2*n**2 - 32*n - 9. Let d be u(j). Calculate the highest common divisor of 51 and d.
17
Suppose 246 + 834 = 3*g. Suppose 23*i = g + 882. Calculate the highest common factor of 27 and i.
27
Suppose 0 = 116*d + 58*d - 116*d - 583770. Calculate the greatest common divisor of 330 and d.
165
Let g be 9624/(38 + -14) - (-1)/2*14. What is the greatest common factor of g and 1272?
24
Suppose -7 = -3*n + 14, -5*u + n + 73 = 0. Suppose -x + 2 + 10 = 0. What is the highest common factor of x and u?
4
Let i = 9959 + -9783. Calculate the greatest common divisor of 330 and i.
22
Let y be 2/(-6)*(1 + -1). Let l be (1 - y/1)*7*16. Suppose -11 = v - 27. Calculate the greatest common divisor of v and l.
16
Let w be ((-25)/5)/30 + 58/(-12). Let m be w + (-17 - -138) + 5 + -1. Calculate the highest common factor of m and 48.
24
Let j be (35/(-20) - 3/4)/(87/(-14442)). Calculate the highest common factor of 30 and j.
5
Let c = 2553 - 2551. Calculate the highest common divisor of c and 250.
2
Let b be 7/(546/12) + (-11)/(-13). Let y be (b/2)/((-2)/(-4))*80. Calculate the greatest common factor of 10 and y.
10
Suppose 0 = -4*a - a + 3*i, 0 = -3*a + 2*i. Suppose 5*l + 6*l - 121 = a. Calculate the highest common divisor of l and 143.
11
Suppose -3*l = -2282 - 778. Let u(d) = -460*d + 1440. Let f be u(3). Calculate the greatest common factor of f and l.
60
Let k(x) = -3*x - 2. Suppose 0*q + 5*q + 15 = 0. Let c be k(q). Let t = 23611 - 23576. What is the highest common factor of c and t?
7
Let r be 440 + 0/(-2)*6/12. Let f = 488 - r. Calculate the highest common divisor of f and 144.
48
Suppose -17*x = -14*x - 12. Suppose -x*o - 67 = -83. Suppose -4*w + 260 = o*j, 4*w = 13 + 7. What is the greatest common divisor of j and 40?
20
Let z be ((-10)/70)/(3/(-273)). Suppose -z*r - 230 = -3220. What is the highest common divisor of 92 and r?
46
Let b = 37 + 210. Suppose -887 = -9*l + b. Calculate the highest common divisor of l and 18.
18
Suppose -j + 145 = -5*i, 2*i + 337 = 5*j - 457. What is the highest common divisor of 1030 and j?
10
Let s(w) = 14*w**2 + 154*w + 1371. Let n be s(-8). What is the greatest common divisor of n and 90?
45
Let l(g) = g + 21. Let b = 338 - 347. Let m be l(b). What is the highest common factor of 84 and m?
12
Suppose 79*z - 83*z + 20 = 2*m, 2*m = z. What is the greatest common factor of z and 1530?
2
Suppose 4*s + 396 = 12*a - 7*a, -4*a = -3*s - 316. Calculate the greatest common divisor of 2071 and a.
19
Let l be (17 + 2196/60)/((-6)/(-510)). Calculate the greatest common divisor of l and 20.
4
Let d(q) = -2*q**2 - 85*q - 370. Let f be d(-35). What is the greatest common factor of f and 545?
5
Let x = 4971 - 4449. Let n(z) = -2*z**2 + 10*z - 10. Let l be n(7). Let j = l + 96. What is the highest common divisor of x and j?
58
Let k(x) = 2125*x - 14989. Let q be k(10). What is the highest common factor of q and 3?
3
Let f(x) = 4*x + 196. Let j be f(11). Let p(h) = -13*h**2 - h - 6. Let g be p(-3). Let v = j + g. What is the greatest common divisor of 30 and v?
30
Let j = 1312 - 1296. Let m = 87 - 59. What is the highest common divisor of j and m?
4
Suppose 2*i = -14*j + 12*j + 122, 307 = 5*j + 4*i. Calculate the greatest common divisor of j and 9030.
21
Let s = -6872 + 10436. Calculate the greatest common factor of 44 and s.
44
Suppose 4*m = -0*m + 616. Suppose -3*w = 5*v - 223, -21*v + 5*w = -19*v - 83. Calculate the greatest common factor of v and m.
22
Suppose -a - 2 = -14. Suppose 14*l = 17*l + a. Let w be 3/(6/l) - (-25 - -9). What is the greatest common factor of w and 7?
7
Let v be (14/(-35))/(8/(-260) - 0). Suppose -v*b + 43 = 4*z - 12*b, -z - 4*b = 8. Calculate the highest common factor of 64 and z.
4
Suppose -3*v + 6*v + 4*o - 391 = 0, o = 1. Let k = v + -106. What is the highest common factor of k and 253?
23
Let l(y) be the third derivative of 18*y**2 + 0 - 1/12*y**4 + 19/6*y**3 + 0*y. Let q be l(7). Calculate the greatest common divisor of q and 1.
1
Suppose 4*t = -5*b + 52 + 92, -4*t - 3*b = -160. What is the greatest common divisor of t and 4?
2
Let v be (3 + 2)*(-1 + 2). Suppose i - 94 = 27. Suppose 9 = v*s - i. Calculate the highest common divisor of 39 and s.
13
Let n(i) = 18*i - 3. Let z be n(4). Suppose z*s - 61*s - 1200 = 0. Calculate the greatest common factor of 90 and s.
30
Suppose 108*y = 107*y + 3. Let d be (27/(-27))/((9/(-87))/y). What is the highest common factor of d and 116?
29
Let w(m) = 4*m**2 + 2*m + 2. Let v be w(3). Let t(l) = l**2 + 42*l - 11. Let u be t(-44). What is the highest common factor of u and v?
11
Let c be (-1360)/(-24) + (-4)/(-12). Let s(v) = 6*v**2 - 18*v**2 - 5*v - 4*v - 8 + v**3 + 8*v**2. Let n be s(7). What is the greatest common factor of n and c?
19
Let s be (39*(-62)/465)/(2/(-155)). What is the greatest common divisor of 13 and s?
13
Suppose 0 = -6*w + 1193 + 223. Let r = w - 196. Calculate the highest common divisor of r and 200.
40
Suppose -2 = 2*x - 8. Let c be 29/(1334/69)*4/3*2. Suppose 0 = -4*p - b + 25, c + 19 = x*p + 5*b. Calculate the greatest common divisor of p and 150.
6
Let b = 215 + -520. Let g = -279 - b. What is the highest common divisor of g and 273?
13
Let o be 30/3 + -7 + (-16)/40*-35. Calculate the highest common divisor of o and 3536.
17
Let q(t) = -201*t + 1968. Let n be q(0). Calculate the greatest common divisor of n and 24.
24
Suppose 4*b = -v + 8 + 423, -3*v + 537 = 5*b. Let t(p) = -2*p**2 + 13*p - 16. Let f be t(8). Let a = -28 - f. What is the highest common factor of a and b?
12
Let n be (10 + -22)/(-3 - -4). Let d be 10*3 + -2 + n/(-12). What is the highest common divisor of 2 and d?
1
Suppose 4*z + 22 + 66 = 0. Let j be -6*z/(-4)*-1. Let o(c) = 2*c**3 + 42*c**2 + 36*c - 47. Let h be o(-20). What is the greatest common factor of h and j?
33
Let r(m) = -108*m + 1555. Let g be r(14). Let o = -132 - -261. Calculate the greatest common factor of o and g.
43
Suppose b + 184 = -7*b. Let j = -18 - b. Suppose j*z + 2*l = 705, 3*l = 2*z - l - 282. What is the greatest common divisor of z and 47?
47
Suppose 5800 = 11198*q - 11188*q. Calculate the greatest common factor of 460 and q.
20
Let s(i) = i**3 - 11*i**2 + 18*i + 6. Let l be s(9). Suppose -l*y = y - 924. Calculate the highest common factor of y and 12.
12
Suppose -6*b - b = -2373. Suppose b - 106 = f. Suppose -17 = -2*h + f. Calculate the highest common factor of h and 50.
25
Suppose -34*x = -177 + 41. What is the greatest common factor of x and 2308?
4
Let v be (261/58)/(5/2)*270. What is the highest common factor of 702 and v?
54
Suppose 201 = 2*f + 169. Suppose 4*g = -p + f, 5*p - 64 - 16 = -g. Calculate the greatest common divisor of p and 512.
16
Suppose -108*r + 204 = -74*r. Let o = -3 - -5. Calculate the greatest common divisor of r and o.
2
Suppose -5*p = 3*n - 231, 5*n + 132 = 3*p + 9*n. What is the highest common factor